{"id":413,"date":"2024-04-22T15:30:53","date_gmt":"2024-04-22T13:30:53","guid":{"rendered":"https:\/\/gustavbates.se\/hudenegoif\/?post_type=tribe_events&#038;p=413"},"modified":"2024-04-22T15:30:53","modified_gmt":"2024-04-22T13:30:53","slug":"fotbollsskola-tjejer-och-killar-7-3","status":"publish","type":"tribe_events","link":"https:\/\/gustavbates.se\/hudenegoif\/event\/fotbollsskola-tjejer-och-killar-7-3\/","title":{"rendered":"Fotbollsskola | Tjejer och Killar 7+"},"content":{"rendered":"<p class=\"s7\"><span class=\"s9\"><strong>Tjejer 2016 + upp\u00e5t<\/strong><br \/>\nHudene GoIFs t<\/span><span class=\"s8\">jejlag<\/span><span class=\"s9\"> f\u00f6r alla tjejer <\/span><span class=\"s9\">fr\u00e5n f\u00f6rstaklass och upp\u00e5t!<\/span><\/p>\n<p class=\"s7\"><span class=\"s9\"><strong>Killar 2016 + upp\u00e5t<\/strong><br \/>\nDet nya <\/span><span class=\"s8\">pojklaget<\/span><span class=\"s9\"> b\u00f6rjar p\u00e5 samma s\u00e4tt, alla fr\u00e5n f\u00f6rstaklass och upp\u00e5t.<\/span><\/p>\n<p class=\"s7\"><span class=\"s9\">Vi v\u00e4lkomnar alla som vill vara med!<\/span><\/p>\n","protected":false},"excerpt":{"rendered":"<p>Tjejer 2016 + upp\u00e5t Hudene GoIFs tjejlag f\u00f6r alla tjejer fr\u00e5n f\u00f6rstaklass och upp\u00e5t! Killar 2016 + upp\u00e5t Det nya pojklaget b\u00f6rjar p\u00e5 samma s\u00e4tt, alla fr\u00e5n f\u00f6rstaklass och upp\u00e5t. &hellip; <\/p>\n<p class=\"link-more\"><a href=\"https:\/\/gustavbates.se\/hudenegoif\/event\/fotbollsskola-tjejer-och-killar-7-3\/\" class=\"more-link\">L\u00e4s mer<span class=\"screen-reader-text\"> \u201dFotbollsskola | Tjejer och Killar 7+\u201d<\/span><\/a><\/p>\n","protected":false},"author":1,"featured_media":0,"template":"","meta":{"_tribe_events_status":"","_tribe_events_status_reason":"","footnotes":""},"tags":[21,26,25,20],"tribe_events_cat":[7],"class_list":["post-413","tribe_events","type-tribe_events","status-publish","hentry","tag-barn","tag-killar-7","tag-tjejer-7","tag-utomhussasong","tribe_events_cat-fotbollsskola","cat_fotbollsskola"],"_links":{"self":[{"href":"https:\/\/gustavbates.se\/hudenegoif\/wp-json\/wp\/v2\/tribe_events\/413","targetHints":{"allow":["GET"]}}],"collection":[{"href":"https:\/\/gustavbates.se\/hudenegoif\/wp-json\/wp\/v2\/tribe_events"}],"about":[{"href":"https:\/\/gustavbates.se\/hudenegoif\/wp-json\/wp\/v2\/types\/tribe_events"}],"author":[{"embeddable":true,"href":"https:\/\/gustavbates.se\/hudenegoif\/wp-json\/wp\/v2\/users\/1"}],"version-history":[{"count":1,"href":"https:\/\/gustavbates.se\/hudenegoif\/wp-json\/wp\/v2\/tribe_events\/413\/revisions"}],"predecessor-version":[{"id":414,"href":"https:\/\/gustavbates.se\/hudenegoif\/wp-json\/wp\/v2\/tribe_events\/413\/revisions\/414"}],"wp:attachment":[{"href":"https:\/\/gustavbates.se\/hudenegoif\/wp-json\/wp\/v2\/media?parent=413"}],"wp:term":[{"taxonomy":"post_tag","embeddable":true,"href":"https:\/\/gustavbates.se\/hudenegoif\/wp-json\/wp\/v2\/tags?post=413"},{"taxonomy":"tribe_events_cat","embeddable":true,"href":"https:\/\/gustavbates.se\/hudenegoif\/wp-json\/wp\/v2\/tribe_events_cat?post=413"}],"curies":[{"name":"wp","href":"https:\/\/api.w.org\/{rel}","templated":true}]}}

<p class="s7"><span class="s9"><strong>Tjejer 2016 + uppåt</strong><br />
Hudene GoIFs t</span><span class="s8">jejlag</span><span class="s9"> för alla tjejer </span><span class="s9">från förstaklass och uppåt!</span></p>
<p class="s7"><span class="s9"><strong>Killar 2016 + uppåt</strong><br />
Det nya </span><span class="s8">pojklaget</span><span class="s9"> börjar på samma sätt, alla från förstaklass och uppåt.</span></p>
<p class="s7"><span class="s9">Vi välkomnar alla som vill vara med!</span></p>

<p>Tjejer 2016 + uppåt Hudene GoIFs tjejlag för alla tjejer från förstaklass och uppåt! Killar 2016 + uppåt Det nya pojklaget börjar på samma sätt, alla från förstaklass och uppåt. &hellip; </p>
<p class="link-more"><a href="https://gustavbates.se/hudenegoif/event/fotbollsskola-tjejer-och-killar-7-3/" class="more-link">Läs mer<span class="screen-reader-text"> ”Fotbollsskola | Tjejer och Killar 7+”</span></a></p>
